{"id":1469,"date":"2023-10-17T14:29:35","date_gmt":"2023-10-17T12:29:35","guid":{"rendered":"https:\/\/www.repair-cafe.ch\/repairevent\/jeden-samsatag-ab-14-uhr-wird-bei-uns-repariert-was-das-zeug-haelt-wenn-wir-ausnahmsweise-geschlossen-haben-publizieren-wir-dies-auf-facebook-unter-https-www-facebook-com-reparaturkafi\/"},"modified":"2025-09-01T17:21:14","modified_gmt":"2025-09-01T15:21:14","slug":"jeden-samsatag-ab-14-uhr-wird-bei-uns-repariert-was-das-zeug-haelt-wenn-wir-ausnahmsweise-geschlossen-haben-publizieren-wir-dies-auf-facebook-unter-https-www-facebook-com-reparaturkafi","status":"publish","type":"repairevent","link":"https:\/\/www.repair-cafe.ch\/fr\/repairevent\/jeden-samsatag-ab-14-uhr-wird-bei-uns-repariert-was-das-zeug-haelt-wenn-wir-ausnahmsweise-geschlossen-haben-publizieren-wir-dies-auf-facebook-unter-https-www-facebook-com-reparaturkafi\/","title":{"rendered":"Jeden Samstag, ab 14 Uhr wird bei uns repariert was das Zeug h\u00e4lt. Wenn wir ausnahmsweise geschlossen haben, publizieren wir dies auf Facebook unter https:\/\/www.facebook.com\/Reparaturkafi"},"template":"","class_list":["post-1469","repairevent","type-repairevent","status-publish","hentry"],"acf":[],"yoast_head":"<!-- This site is optimized with the Yoast SEO plugin v27.3 - https:\/\/yoast.com\/product\/yoast-seo-wordpress\/ -->\n<title>Jeden Samstag, ab 14 Uhr wird bei uns repariert was das Zeug h\u00e4lt. Wenn wir ausnahmsweise geschlossen haben, publizieren wir dies auf Facebook unter https:\/\/www.facebook.com\/Reparaturkafi - Repair Caf\u00e9<\/title>\n<meta name=\"robots\" content=\"index, follow, max-snippet:-1, max-image-preview:large, max-video-preview:-1\" \/>\n<link rel=\"canonical\" href=\"https:\/\/www.repair-cafe.ch\/fr\/repairevent\/jeden-samsatag-ab-14-uhr-wird-bei-uns-repariert-was-das-zeug-haelt-wenn-wir-ausnahmsweise-geschlossen-haben-publizieren-wir-dies-auf-facebook-unter-https-www-facebook-com-reparaturkafi\/\" \/>\n<meta property=\"og:locale\" content=\"fr_FR\" \/>\n<meta property=\"og:type\" content=\"article\" \/>\n<meta property=\"og:title\" content=\"Jeden Samstag, ab 14 Uhr wird bei uns repariert was das Zeug h\u00e4lt. Wenn wir ausnahmsweise geschlossen haben, publizieren wir dies auf Facebook unter https:\/\/www.facebook.com\/Reparaturkafi - Repair Caf\u00e9\" \/>\n<meta property=\"og:description\" content=\"Die #Reparaturkultur ist bei uns Programm. Die Flickstatt ist ein von ehrenamtlichen Helfern betriebenes Repair-Caf\u00e9 in Baden, das an drei Tagen in der Woche ge\u00f6ffnet hat. Mi. 14 bis 22 Uhr, Fr. und Sa. ab 14 Uhr bis 0 Uhr oder \u00ab\u00a0bis kein Licht mehr brennt\u00a0\u00bb Unser Ziel ist es, nachhaltig den Dingen wieder neues ... Jeden Samstag, ab 14 Uhr wird bei uns repariert was das Zeug h\u00e4lt. Wenn wir ausnahmsweise geschlossen haben, publizieren wir dies auf Facebook unter https:\/\/www.facebook.com\/Reparaturkafi\" \/>\n<meta property=\"og:url\" content=\"https:\/\/www.repair-cafe.ch\/fr\/repairevent\/jeden-samsatag-ab-14-uhr-wird-bei-uns-repariert-was-das-zeug-haelt-wenn-wir-ausnahmsweise-geschlossen-haben-publizieren-wir-dies-auf-facebook-unter-https-www-facebook-com-reparaturkafi\/\" \/>\n<meta property=\"og:site_name\" content=\"Repair Caf\u00e9\" \/>\n<meta property=\"article:modified_time\" content=\"2025-09-01T15:21:14+00:00\" \/>\n<meta name=\"twitter:card\" content=\"summary_large_image\" \/>\n<meta name=\"twitter:label1\" content=\"Dur\u00e9e de lecture estim\u00e9e\" \/>\n\t<meta name=\"twitter:data1\" content=\"1 minute\" \/>\n<script type=\"application\/ld+json\" class=\"yoast-schema-graph\">{\"@context\":\"https:\\\/\\\/schema.org\",\"@graph\":[{\"@type\":\"WebPage\",\"@id\":\"https:\\\/\\\/www.repair-cafe.ch\\\/fr\\\/repairevent\\\/jeden-samsatag-ab-14-uhr-wird-bei-uns-repariert-was-das-zeug-haelt-wenn-wir-ausnahmsweise-geschlossen-haben-publizieren-wir-dies-auf-facebook-unter-https-www-facebook-com-reparaturkafi\\\/\",\"url\":\"https:\\\/\\\/www.repair-cafe.ch\\\/fr\\\/repairevent\\\/jeden-samsatag-ab-14-uhr-wird-bei-uns-repariert-was-das-zeug-haelt-wenn-wir-ausnahmsweise-geschlossen-haben-publizieren-wir-dies-auf-facebook-unter-https-www-facebook-com-reparaturkafi\\\/\",\"name\":\"Jeden Samstag, ab 14 Uhr wird bei uns repariert was das Zeug h\u00e4lt. Wenn wir ausnahmsweise geschlossen haben, publizieren wir dies auf Facebook unter https:\\\/\\\/www.facebook.com\\\/Reparaturkafi - Repair Caf\u00e9\",\"isPartOf\":{\"@id\":\"https:\\\/\\\/www.repair-cafe.ch\\\/fr\\\/#website\"},\"datePublished\":\"2023-10-17T12:29:35+00:00\",\"dateModified\":\"2025-09-01T15:21:14+00:00\",\"breadcrumb\":{\"@id\":\"https:\\\/\\\/www.repair-cafe.ch\\\/fr\\\/repairevent\\\/jeden-samsatag-ab-14-uhr-wird-bei-uns-repariert-was-das-zeug-haelt-wenn-wir-ausnahmsweise-geschlossen-haben-publizieren-wir-dies-auf-facebook-unter-https-www-facebook-com-reparaturkafi\\\/#breadcrumb\"},\"inLanguage\":\"fr-FR\",\"potentialAction\":[{\"@type\":\"ReadAction\",\"target\":[\"https:\\\/\\\/www.repair-cafe.ch\\\/fr\\\/repairevent\\\/jeden-samsatag-ab-14-uhr-wird-bei-uns-repariert-was-das-zeug-haelt-wenn-wir-ausnahmsweise-geschlossen-haben-publizieren-wir-dies-auf-facebook-unter-https-www-facebook-com-reparaturkafi\\\/\"]}]},{\"@type\":\"BreadcrumbList\",\"@id\":\"https:\\\/\\\/www.repair-cafe.ch\\\/fr\\\/repairevent\\\/jeden-samsatag-ab-14-uhr-wird-bei-uns-repariert-was-das-zeug-haelt-wenn-wir-ausnahmsweise-geschlossen-haben-publizieren-wir-dies-auf-facebook-unter-https-www-facebook-com-reparaturkafi\\\/#breadcrumb\",\"itemListElement\":[{\"@type\":\"ListItem\",\"position\":1,\"name\":\"Startseite\",\"item\":\"https:\\\/\\\/www.repair-cafe.ch\\\/fr\\\/\"},{\"@type\":\"ListItem\",\"position\":2,\"name\":\"Jeden Samstag, ab 14 Uhr wird bei uns repariert was das Zeug h\u00e4lt. Wenn wir ausnahmsweise geschlossen haben, publizieren wir dies auf Facebook unter https:\\\/\\\/www.facebook.com\\\/Reparaturkafi\"}]},{\"@type\":\"WebSite\",\"@id\":\"https:\\\/\\\/www.repair-cafe.ch\\\/fr\\\/#website\",\"url\":\"https:\\\/\\\/www.repair-cafe.ch\\\/fr\\\/\",\"name\":\"Repair Caf\u00e9\",\"description\":\"\",\"potentialAction\":[{\"@type\":\"SearchAction\",\"target\":{\"@type\":\"EntryPoint\",\"urlTemplate\":\"https:\\\/\\\/www.repair-cafe.ch\\\/fr\\\/?s={search_term_string}\"},\"query-input\":{\"@type\":\"PropertyValueSpecification\",\"valueRequired\":true,\"valueName\":\"search_term_string\"}}],\"inLanguage\":\"fr-FR\"}]}<\/script>\n<!-- \/ Yoast SEO plugin. -->","yoast_head_json":{"title":"Jeden Samstag, ab 14 Uhr wird bei uns repariert was das Zeug h\u00e4lt. Wenn wir ausnahmsweise geschlossen haben, publizieren wir dies auf Facebook unter https:\/\/www.facebook.com\/Reparaturkafi - Repair Caf\u00e9","robots":{"index":"index","follow":"follow","max-snippet":"max-snippet:-1","max-image-preview":"max-image-preview:large","max-video-preview":"max-video-preview:-1"},"canonical":"https:\/\/www.repair-cafe.ch\/fr\/repairevent\/jeden-samsatag-ab-14-uhr-wird-bei-uns-repariert-was-das-zeug-haelt-wenn-wir-ausnahmsweise-geschlossen-haben-publizieren-wir-dies-auf-facebook-unter-https-www-facebook-com-reparaturkafi\/","og_locale":"fr_FR","og_type":"article","og_title":"Jeden Samstag, ab 14 Uhr wird bei uns repariert was das Zeug h\u00e4lt. Wenn wir ausnahmsweise geschlossen haben, publizieren wir dies auf Facebook unter https:\/\/www.facebook.com\/Reparaturkafi - Repair Caf\u00e9","og_description":"Die #Reparaturkultur ist bei uns Programm. Die Flickstatt ist ein von ehrenamtlichen Helfern betriebenes Repair-Caf\u00e9 in Baden, das an drei Tagen in der Woche ge\u00f6ffnet hat. Mi. 14 bis 22 Uhr, Fr. und Sa. ab 14 Uhr bis 0 Uhr oder \u00ab\u00a0bis kein Licht mehr brennt\u00a0\u00bb Unser Ziel ist es, nachhaltig den Dingen wieder neues ... Jeden Samstag, ab 14 Uhr wird bei uns repariert was das Zeug h\u00e4lt. Wenn wir ausnahmsweise geschlossen haben, publizieren wir dies auf Facebook unter https:\/\/www.facebook.com\/Reparaturkafi","og_url":"https:\/\/www.repair-cafe.ch\/fr\/repairevent\/jeden-samsatag-ab-14-uhr-wird-bei-uns-repariert-was-das-zeug-haelt-wenn-wir-ausnahmsweise-geschlossen-haben-publizieren-wir-dies-auf-facebook-unter-https-www-facebook-com-reparaturkafi\/","og_site_name":"Repair Caf\u00e9","article_modified_time":"2025-09-01T15:21:14+00:00","twitter_card":"summary_large_image","twitter_misc":{"Dur\u00e9e de lecture estim\u00e9e":"1 minute"},"schema":{"@context":"https:\/\/schema.org","@graph":[{"@type":"WebPage","@id":"https:\/\/www.repair-cafe.ch\/fr\/repairevent\/jeden-samsatag-ab-14-uhr-wird-bei-uns-repariert-was-das-zeug-haelt-wenn-wir-ausnahmsweise-geschlossen-haben-publizieren-wir-dies-auf-facebook-unter-https-www-facebook-com-reparaturkafi\/","url":"https:\/\/www.repair-cafe.ch\/fr\/repairevent\/jeden-samsatag-ab-14-uhr-wird-bei-uns-repariert-was-das-zeug-haelt-wenn-wir-ausnahmsweise-geschlossen-haben-publizieren-wir-dies-auf-facebook-unter-https-www-facebook-com-reparaturkafi\/","name":"Jeden Samstag, ab 14 Uhr wird bei uns repariert was das Zeug h\u00e4lt. Wenn wir ausnahmsweise geschlossen haben, publizieren wir dies auf Facebook unter https:\/\/www.facebook.com\/Reparaturkafi - Repair Caf\u00e9","isPartOf":{"@id":"https:\/\/www.repair-cafe.ch\/fr\/#website"},"datePublished":"2023-10-17T12:29:35+00:00","dateModified":"2025-09-01T15:21:14+00:00","breadcrumb":{"@id":"https:\/\/www.repair-cafe.ch\/fr\/repairevent\/jeden-samsatag-ab-14-uhr-wird-bei-uns-repariert-was-das-zeug-haelt-wenn-wir-ausnahmsweise-geschlossen-haben-publizieren-wir-dies-auf-facebook-unter-https-www-facebook-com-reparaturkafi\/#breadcrumb"},"inLanguage":"fr-FR","potentialAction":[{"@type":"ReadAction","target":["https:\/\/www.repair-cafe.ch\/fr\/repairevent\/jeden-samsatag-ab-14-uhr-wird-bei-uns-repariert-was-das-zeug-haelt-wenn-wir-ausnahmsweise-geschlossen-haben-publizieren-wir-dies-auf-facebook-unter-https-www-facebook-com-reparaturkafi\/"]}]},{"@type":"BreadcrumbList","@id":"https:\/\/www.repair-cafe.ch\/fr\/repairevent\/jeden-samsatag-ab-14-uhr-wird-bei-uns-repariert-was-das-zeug-haelt-wenn-wir-ausnahmsweise-geschlossen-haben-publizieren-wir-dies-auf-facebook-unter-https-www-facebook-com-reparaturkafi\/#breadcrumb","itemListElement":[{"@type":"ListItem","position":1,"name":"Startseite","item":"https:\/\/www.repair-cafe.ch\/fr\/"},{"@type":"ListItem","position":2,"name":"Jeden Samstag, ab 14 Uhr wird bei uns repariert was das Zeug h\u00e4lt. Wenn wir ausnahmsweise geschlossen haben, publizieren wir dies auf Facebook unter https:\/\/www.facebook.com\/Reparaturkafi"}]},{"@type":"WebSite","@id":"https:\/\/www.repair-cafe.ch\/fr\/#website","url":"https:\/\/www.repair-cafe.ch\/fr\/","name":"Repair Caf\u00e9","description":"","potentialAction":[{"@type":"SearchAction","target":{"@type":"EntryPoint","urlTemplate":"https:\/\/www.repair-cafe.ch\/fr\/?s={search_term_string}"},"query-input":{"@type":"PropertyValueSpecification","valueRequired":true,"valueName":"search_term_string"}}],"inLanguage":"fr-FR"}]}},"_links":{"self":[{"href":"https:\/\/www.repair-cafe.ch\/fr\/wp-json\/wp\/v2\/repairevent\/1469","targetHints":{"allow":["GET"]}}],"collection":[{"href":"https:\/\/www.repair-cafe.ch\/fr\/wp-json\/wp\/v2\/repairevent"}],"about":[{"href":"https:\/\/www.repair-cafe.ch\/fr\/wp-json\/wp\/v2\/types\/repairevent"}],"wp:attachment":[{"href":"https:\/\/www.repair-cafe.ch\/fr\/wp-json\/wp\/v2\/media?parent=1469"}],"curies":[{"name":"wp","href":"https:\/\/api.w.org\/{rel}","templated":true}]}}

Jeden Samstag, ab 14 Uhr wird bei uns repariert was das Zeug hält. Wenn wir ausnahmsweise geschlossen haben, publizieren wir dies auf Facebook unter https://www.facebook.com/Reparaturkafi

<!-- This site is optimized with the Yoast SEO plugin v27.3 - https://yoast.com/product/yoast-seo-wordpress/ -->
<title>Jeden Samstag, ab 14 Uhr wird bei uns repariert was das Zeug hält. Wenn wir ausnahmsweise geschlossen haben, publizieren wir dies auf Facebook unter https://www.facebook.com/Reparaturkafi - Repair Café</title>
<meta name="robots" content="index, follow, max-snippet:-1, max-image-preview:large, max-video-preview:-1" />
<link rel="canonical" href="https://www.repair-cafe.ch/fr/repairevent/jeden-samsatag-ab-14-uhr-wird-bei-uns-repariert-was-das-zeug-haelt-wenn-wir-ausnahmsweise-geschlossen-haben-publizieren-wir-dies-auf-facebook-unter-https-www-facebook-com-reparaturkafi/" />
<meta property="og:locale" content="fr_FR" />
<meta property="og:type" content="article" />
<meta property="og:title" content="Jeden Samstag, ab 14 Uhr wird bei uns repariert was das Zeug hält. Wenn wir ausnahmsweise geschlossen haben, publizieren wir dies auf Facebook unter https://www.facebook.com/Reparaturkafi - Repair Café" />
<meta property="og:description" content="Die #Reparaturkultur ist bei uns Programm. Die Flickstatt ist ein von ehrenamtlichen Helfern betriebenes Repair-Café in Baden, das an drei Tagen in der Woche geöffnet hat. Mi. 14 bis 22 Uhr, Fr. und Sa. ab 14 Uhr bis 0 Uhr oder « bis kein Licht mehr brennt » Unser Ziel ist es, nachhaltig den Dingen wieder neues ... Jeden Samstag, ab 14 Uhr wird bei uns repariert was das Zeug hält. Wenn wir ausnahmsweise geschlossen haben, publizieren wir dies auf Facebook unter https://www.facebook.com/Reparaturkafi" />
<meta property="og:url" content="https://www.repair-cafe.ch/fr/repairevent/jeden-samsatag-ab-14-uhr-wird-bei-uns-repariert-was-das-zeug-haelt-wenn-wir-ausnahmsweise-geschlossen-haben-publizieren-wir-dies-auf-facebook-unter-https-www-facebook-com-reparaturkafi/" />
<meta property="og:site_name" content="Repair Café" />
<meta property="article:modified_time" content="2025-09-01T15:21:14+00:00" />
<meta name="twitter:card" content="summary_large_image" />
<meta name="twitter:label1" content="Durée de lecture estimée" />
	<meta name="twitter:data1" content="1 minute" />
<script type="application/ld+json" class="yoast-schema-graph">{"@context":"https:\/\/schema.org","@graph":[{"@type":"WebPage","@id":"https:\/\/www.repair-cafe.ch\/fr\/repairevent\/jeden-samsatag-ab-14-uhr-wird-bei-uns-repariert-was-das-zeug-haelt-wenn-wir-ausnahmsweise-geschlossen-haben-publizieren-wir-dies-auf-facebook-unter-https-www-facebook-com-reparaturkafi\/","url":"https:\/\/www.repair-cafe.ch\/fr\/repairevent\/jeden-samsatag-ab-14-uhr-wird-bei-uns-repariert-was-das-zeug-haelt-wenn-wir-ausnahmsweise-geschlossen-haben-publizieren-wir-dies-auf-facebook-unter-https-www-facebook-com-reparaturkafi\/","name":"Jeden Samstag, ab 14 Uhr wird bei uns repariert was das Zeug hält. Wenn wir ausnahmsweise geschlossen haben, publizieren wir dies auf Facebook unter https:\/\/www.facebook.com\/Reparaturkafi - Repair Café","isPartOf":{"@id":"https:\/\/www.repair-cafe.ch\/fr\/#website"},"datePublished":"2023-10-17T12:29:35+00:00","dateModified":"2025-09-01T15:21:14+00:00","breadcrumb":{"@id":"https:\/\/www.repair-cafe.ch\/fr\/repairevent\/jeden-samsatag-ab-14-uhr-wird-bei-uns-repariert-was-das-zeug-haelt-wenn-wir-ausnahmsweise-geschlossen-haben-publizieren-wir-dies-auf-facebook-unter-https-www-facebook-com-reparaturkafi\/#breadcrumb"},"inLanguage":"fr-FR","potentialAction":[{"@type":"ReadAction","target":["https:\/\/www.repair-cafe.ch\/fr\/repairevent\/jeden-samsatag-ab-14-uhr-wird-bei-uns-repariert-was-das-zeug-haelt-wenn-wir-ausnahmsweise-geschlossen-haben-publizieren-wir-dies-auf-facebook-unter-https-www-facebook-com-reparaturkafi\/"]}]},{"@type":"BreadcrumbList","@id":"https:\/\/www.repair-cafe.ch\/fr\/repairevent\/jeden-samsatag-ab-14-uhr-wird-bei-uns-repariert-was-das-zeug-haelt-wenn-wir-ausnahmsweise-geschlossen-haben-publizieren-wir-dies-auf-facebook-unter-https-www-facebook-com-reparaturkafi\/#breadcrumb","itemListElement":[{"@type":"ListItem","position":1,"name":"Startseite","item":"https:\/\/www.repair-cafe.ch\/fr\/"},{"@type":"ListItem","position":2,"name":"Jeden Samstag, ab 14 Uhr wird bei uns repariert was das Zeug hält. Wenn wir ausnahmsweise geschlossen haben, publizieren wir dies auf Facebook unter https:\/\/www.facebook.com\/Reparaturkafi"}]},{"@type":"WebSite","@id":"https:\/\/www.repair-cafe.ch\/fr\/#website","url":"https:\/\/www.repair-cafe.ch\/fr\/","name":"Repair Café","description":"","potentialAction":[{"@type":"SearchAction","target":{"@type":"EntryPoint","urlTemplate":"https:\/\/www.repair-cafe.ch\/fr\/?s={search_term_string}"},"query-input":{"@type":"PropertyValueSpecification","valueRequired":true,"valueName":"search_term_string"}}],"inLanguage":"fr-FR"}]}</script>
<!-- / Yoast SEO plugin. -->

Jeden Samstag, ab 14 Uhr wird bei uns repariert was das Zeug hält. Wenn wir ausnahmsweise geschlossen haben, publizieren wir dies auf Facebook unter https://www.facebook.com/Reparaturkafi - Repair Café

Die #Reparaturkultur ist bei uns Programm. Die Flickstatt ist ein von ehrenamtlichen Helfern betriebenes Repair-Café in Baden, das an drei Tagen in der Woche geöffnet hat. Mi. 14 bis 22 Uhr, Fr. und Sa. ab 14 Uhr bis 0 Uhr oder « bis kein Licht mehr brennt » Unser Ziel ist es, nachhaltig den Dingen wieder neues ... Jeden Samstag, ab 14 Uhr wird bei uns repariert was das Zeug hält. Wenn wir ausnahmsweise geschlossen haben, publizieren wir dies auf Facebook unter https://www.facebook.com/Reparaturkafi

Repair Café
