{"id":1712,"date":"2023-10-17T14:30:13","date_gmt":"2023-10-17T12:30:13","guid":{"rendered":"https:\/\/www.repair-cafe.ch\/repairevent\/repair-cafe-de-morges-3eme-samedi-du-mois-sauf-vacances-scolaires-4\/"},"modified":"2023-10-18T08:37:06","modified_gmt":"2023-10-18T06:37:06","slug":"repair-cafe-de-morges-3eme-samedi-du-mois-sauf-vacances-scolaires-4","status":"publish","type":"repairevent","link":"https:\/\/www.repair-cafe.ch\/fr\/repairevent\/repair-cafe-de-morges-3eme-samedi-du-mois-sauf-vacances-scolaires-4\/","title":{"rendered":"repair caf\u00e9 de Morges, 3\u00e8me samedi du mois sauf vacances scolaires"},"template":"","class_list":["post-1712","repairevent","type-repairevent","status-publish","hentry"],"acf":[],"yoast_head":"<!-- This site is optimized with the Yoast SEO plugin v27.3 - https:\/\/yoast.com\/product\/yoast-seo-wordpress\/ -->\n<title>repair caf\u00e9 de Morges, 3\u00e8me samedi du mois sauf vacances scolaires - Repair Caf\u00e9<\/title>\n<meta name=\"robots\" content=\"index, follow, max-snippet:-1, max-image-preview:large, max-video-preview:-1\" \/>\n<link rel=\"canonical\" href=\"https:\/\/www.repair-cafe.ch\/fr\/repairevent\/repair-cafe-de-morges-3eme-samedi-du-mois-sauf-vacances-scolaires-4\/\" \/>\n<meta property=\"og:locale\" content=\"fr_FR\" \/>\n<meta property=\"og:type\" content=\"article\" \/>\n<meta property=\"og:title\" content=\"repair caf\u00e9 de Morges, 3\u00e8me samedi du mois sauf vacances scolaires - Repair Caf\u00e9\" \/>\n<meta property=\"og:description\" content=\"Le repair caf\u00e9 aura lieu au coll\u00e8ge des jardins le samedi 15 juin 2024 de 14h \u00e0 17h (horaires susceptibles de changer, v\u00e9rifiez sur notre site avant) https:\/\/goo.gl\/maps\/wc2p7yEAJCJyz8uV8&nbsp; \u00e0 la maison des associations Rue des Foss\u00e9s 16 1110 Morges En fonction des comp\u00e9tences des r\u00e9parateurs\/-trices pr\u00e9sent(e)s: Petit \u00e9lectrom\u00e9nager: foehns, aspirateurs, mixeurs, brosses \u00e0 dents, radios, ... repair caf\u00e9 de Morges, 3\u00e8me samedi du mois sauf vacances scolaires\" \/>\n<meta property=\"og:url\" content=\"https:\/\/www.repair-cafe.ch\/fr\/repairevent\/repair-cafe-de-morges-3eme-samedi-du-mois-sauf-vacances-scolaires-4\/\" \/>\n<meta property=\"og:site_name\" content=\"Repair Caf\u00e9\" \/>\n<meta property=\"article:modified_time\" content=\"2023-10-18T06:37:06+00:00\" \/>\n<meta property=\"og:image\" content=\"https:\/\/repair-cafe.ch\/storage\/app\/media\/uploaded-files\/college%20jardins.jpg\" \/>\n<meta name=\"twitter:card\" content=\"summary_large_image\" \/>\n<script type=\"application\/ld+json\" class=\"yoast-schema-graph\">{\"@context\":\"https:\\\/\\\/schema.org\",\"@graph\":[{\"@type\":\"WebPage\",\"@id\":\"https:\\\/\\\/www.repair-cafe.ch\\\/fr\\\/repairevent\\\/repair-cafe-de-morges-3eme-samedi-du-mois-sauf-vacances-scolaires-4\\\/\",\"url\":\"https:\\\/\\\/www.repair-cafe.ch\\\/fr\\\/repairevent\\\/repair-cafe-de-morges-3eme-samedi-du-mois-sauf-vacances-scolaires-4\\\/\",\"name\":\"repair caf\u00e9 de Morges, 3\u00e8me samedi du mois sauf vacances scolaires - Repair Caf\u00e9\",\"isPartOf\":{\"@id\":\"https:\\\/\\\/www.repair-cafe.ch\\\/fr\\\/#website\"},\"primaryImageOfPage\":{\"@id\":\"https:\\\/\\\/www.repair-cafe.ch\\\/fr\\\/repairevent\\\/repair-cafe-de-morges-3eme-samedi-du-mois-sauf-vacances-scolaires-4\\\/#primaryimage\"},\"image\":{\"@id\":\"https:\\\/\\\/www.repair-cafe.ch\\\/fr\\\/repairevent\\\/repair-cafe-de-morges-3eme-samedi-du-mois-sauf-vacances-scolaires-4\\\/#primaryimage\"},\"thumbnailUrl\":\"https:\\\/\\\/repair-cafe.ch\\\/storage\\\/app\\\/media\\\/uploaded-files\\\/college%20jardins.jpg\",\"datePublished\":\"2023-10-17T12:30:13+00:00\",\"dateModified\":\"2023-10-18T06:37:06+00:00\",\"breadcrumb\":{\"@id\":\"https:\\\/\\\/www.repair-cafe.ch\\\/fr\\\/repairevent\\\/repair-cafe-de-morges-3eme-samedi-du-mois-sauf-vacances-scolaires-4\\\/#breadcrumb\"},\"inLanguage\":\"fr-FR\",\"potentialAction\":[{\"@type\":\"ReadAction\",\"target\":[\"https:\\\/\\\/www.repair-cafe.ch\\\/fr\\\/repairevent\\\/repair-cafe-de-morges-3eme-samedi-du-mois-sauf-vacances-scolaires-4\\\/\"]}]},{\"@type\":\"ImageObject\",\"inLanguage\":\"fr-FR\",\"@id\":\"https:\\\/\\\/www.repair-cafe.ch\\\/fr\\\/repairevent\\\/repair-cafe-de-morges-3eme-samedi-du-mois-sauf-vacances-scolaires-4\\\/#primaryimage\",\"url\":\"https:\\\/\\\/repair-cafe.ch\\\/storage\\\/app\\\/media\\\/uploaded-files\\\/college%20jardins.jpg\",\"contentUrl\":\"https:\\\/\\\/repair-cafe.ch\\\/storage\\\/app\\\/media\\\/uploaded-files\\\/college%20jardins.jpg\"},{\"@type\":\"BreadcrumbList\",\"@id\":\"https:\\\/\\\/www.repair-cafe.ch\\\/fr\\\/repairevent\\\/repair-cafe-de-morges-3eme-samedi-du-mois-sauf-vacances-scolaires-4\\\/#breadcrumb\",\"itemListElement\":[{\"@type\":\"ListItem\",\"position\":1,\"name\":\"Startseite\",\"item\":\"https:\\\/\\\/www.repair-cafe.ch\\\/fr\\\/\"},{\"@type\":\"ListItem\",\"position\":2,\"name\":\"repair caf\u00e9 de Morges, 3\u00e8me samedi du mois sauf vacances scolaires\"}]},{\"@type\":\"WebSite\",\"@id\":\"https:\\\/\\\/www.repair-cafe.ch\\\/fr\\\/#website\",\"url\":\"https:\\\/\\\/www.repair-cafe.ch\\\/fr\\\/\",\"name\":\"Repair Caf\u00e9\",\"description\":\"\",\"potentialAction\":[{\"@type\":\"SearchAction\",\"target\":{\"@type\":\"EntryPoint\",\"urlTemplate\":\"https:\\\/\\\/www.repair-cafe.ch\\\/fr\\\/?s={search_term_string}\"},\"query-input\":{\"@type\":\"PropertyValueSpecification\",\"valueRequired\":true,\"valueName\":\"search_term_string\"}}],\"inLanguage\":\"fr-FR\"}]}<\/script>\n<!-- \/ Yoast SEO plugin. -->","yoast_head_json":{"title":"repair caf\u00e9 de Morges, 3\u00e8me samedi du mois sauf vacances scolaires - Repair Caf\u00e9","robots":{"index":"index","follow":"follow","max-snippet":"max-snippet:-1","max-image-preview":"max-image-preview:large","max-video-preview":"max-video-preview:-1"},"canonical":"https:\/\/www.repair-cafe.ch\/fr\/repairevent\/repair-cafe-de-morges-3eme-samedi-du-mois-sauf-vacances-scolaires-4\/","og_locale":"fr_FR","og_type":"article","og_title":"repair caf\u00e9 de Morges, 3\u00e8me samedi du mois sauf vacances scolaires - Repair Caf\u00e9","og_description":"Le repair caf\u00e9 aura lieu au coll\u00e8ge des jardins le samedi 15 juin 2024 de 14h \u00e0 17h (horaires susceptibles de changer, v\u00e9rifiez sur notre site avant) https:\/\/goo.gl\/maps\/wc2p7yEAJCJyz8uV8&nbsp; \u00e0 la maison des associations Rue des Foss\u00e9s 16 1110 Morges En fonction des comp\u00e9tences des r\u00e9parateurs\/-trices pr\u00e9sent(e)s: Petit \u00e9lectrom\u00e9nager: foehns, aspirateurs, mixeurs, brosses \u00e0 dents, radios, ... repair caf\u00e9 de Morges, 3\u00e8me samedi du mois sauf vacances scolaires","og_url":"https:\/\/www.repair-cafe.ch\/fr\/repairevent\/repair-cafe-de-morges-3eme-samedi-du-mois-sauf-vacances-scolaires-4\/","og_site_name":"Repair Caf\u00e9","article_modified_time":"2023-10-18T06:37:06+00:00","og_image":[{"url":"https:\/\/repair-cafe.ch\/storage\/app\/media\/uploaded-files\/college%20jardins.jpg","type":"","width":"","height":""}],"twitter_card":"summary_large_image","schema":{"@context":"https:\/\/schema.org","@graph":[{"@type":"WebPage","@id":"https:\/\/www.repair-cafe.ch\/fr\/repairevent\/repair-cafe-de-morges-3eme-samedi-du-mois-sauf-vacances-scolaires-4\/","url":"https:\/\/www.repair-cafe.ch\/fr\/repairevent\/repair-cafe-de-morges-3eme-samedi-du-mois-sauf-vacances-scolaires-4\/","name":"repair caf\u00e9 de Morges, 3\u00e8me samedi du mois sauf vacances scolaires - Repair Caf\u00e9","isPartOf":{"@id":"https:\/\/www.repair-cafe.ch\/fr\/#website"},"primaryImageOfPage":{"@id":"https:\/\/www.repair-cafe.ch\/fr\/repairevent\/repair-cafe-de-morges-3eme-samedi-du-mois-sauf-vacances-scolaires-4\/#primaryimage"},"image":{"@id":"https:\/\/www.repair-cafe.ch\/fr\/repairevent\/repair-cafe-de-morges-3eme-samedi-du-mois-sauf-vacances-scolaires-4\/#primaryimage"},"thumbnailUrl":"https:\/\/repair-cafe.ch\/storage\/app\/media\/uploaded-files\/college%20jardins.jpg","datePublished":"2023-10-17T12:30:13+00:00","dateModified":"2023-10-18T06:37:06+00:00","breadcrumb":{"@id":"https:\/\/www.repair-cafe.ch\/fr\/repairevent\/repair-cafe-de-morges-3eme-samedi-du-mois-sauf-vacances-scolaires-4\/#breadcrumb"},"inLanguage":"fr-FR","potentialAction":[{"@type":"ReadAction","target":["https:\/\/www.repair-cafe.ch\/fr\/repairevent\/repair-cafe-de-morges-3eme-samedi-du-mois-sauf-vacances-scolaires-4\/"]}]},{"@type":"ImageObject","inLanguage":"fr-FR","@id":"https:\/\/www.repair-cafe.ch\/fr\/repairevent\/repair-cafe-de-morges-3eme-samedi-du-mois-sauf-vacances-scolaires-4\/#primaryimage","url":"https:\/\/repair-cafe.ch\/storage\/app\/media\/uploaded-files\/college%20jardins.jpg","contentUrl":"https:\/\/repair-cafe.ch\/storage\/app\/media\/uploaded-files\/college%20jardins.jpg"},{"@type":"BreadcrumbList","@id":"https:\/\/www.repair-cafe.ch\/fr\/repairevent\/repair-cafe-de-morges-3eme-samedi-du-mois-sauf-vacances-scolaires-4\/#breadcrumb","itemListElement":[{"@type":"ListItem","position":1,"name":"Startseite","item":"https:\/\/www.repair-cafe.ch\/fr\/"},{"@type":"ListItem","position":2,"name":"repair caf\u00e9 de Morges, 3\u00e8me samedi du mois sauf vacances scolaires"}]},{"@type":"WebSite","@id":"https:\/\/www.repair-cafe.ch\/fr\/#website","url":"https:\/\/www.repair-cafe.ch\/fr\/","name":"Repair Caf\u00e9","description":"","potentialAction":[{"@type":"SearchAction","target":{"@type":"EntryPoint","urlTemplate":"https:\/\/www.repair-cafe.ch\/fr\/?s={search_term_string}"},"query-input":{"@type":"PropertyValueSpecification","valueRequired":true,"valueName":"search_term_string"}}],"inLanguage":"fr-FR"}]}},"_links":{"self":[{"href":"https:\/\/www.repair-cafe.ch\/fr\/wp-json\/wp\/v2\/repairevent\/1712","targetHints":{"allow":["GET"]}}],"collection":[{"href":"https:\/\/www.repair-cafe.ch\/fr\/wp-json\/wp\/v2\/repairevent"}],"about":[{"href":"https:\/\/www.repair-cafe.ch\/fr\/wp-json\/wp\/v2\/types\/repairevent"}],"wp:attachment":[{"href":"https:\/\/www.repair-cafe.ch\/fr\/wp-json\/wp\/v2\/media?parent=1712"}],"curies":[{"name":"wp","href":"https:\/\/api.w.org\/{rel}","templated":true}]}}

repair café de Morges, 3ème samedi du mois sauf vacances scolaires

<!-- This site is optimized with the Yoast SEO plugin v27.3 - https://yoast.com/product/yoast-seo-wordpress/ -->
<title>repair café de Morges, 3ème samedi du mois sauf vacances scolaires - Repair Café</title>
<meta name="robots" content="index, follow, max-snippet:-1, max-image-preview:large, max-video-preview:-1" />
<link rel="canonical" href="https://www.repair-cafe.ch/fr/repairevent/repair-cafe-de-morges-3eme-samedi-du-mois-sauf-vacances-scolaires-4/" />
<meta property="og:locale" content="fr_FR" />
<meta property="og:type" content="article" />
<meta property="og:title" content="repair café de Morges, 3ème samedi du mois sauf vacances scolaires - Repair Café" />
<meta property="og:description" content="Le repair café aura lieu au collège des jardins le samedi 15 juin 2024 de 14h à 17h (horaires susceptibles de changer, vérifiez sur notre site avant) https://goo.gl/maps/wc2p7yEAJCJyz8uV8&nbsp; à la maison des associations Rue des Fossés 16 1110 Morges En fonction des compétences des réparateurs/-trices présent(e)s: Petit électroménager: foehns, aspirateurs, mixeurs, brosses à dents, radios, ... repair café de Morges, 3ème samedi du mois sauf vacances scolaires" />
<meta property="og:url" content="https://www.repair-cafe.ch/fr/repairevent/repair-cafe-de-morges-3eme-samedi-du-mois-sauf-vacances-scolaires-4/" />
<meta property="og:site_name" content="Repair Café" />
<meta property="article:modified_time" content="2023-10-18T06:37:06+00:00" />
<meta property="og:image" content="https://repair-cafe.ch/storage/app/media/uploaded-files/college%20jardins.jpg" />
<meta name="twitter:card" content="summary_large_image" />
<script type="application/ld+json" class="yoast-schema-graph">{"@context":"https:\/\/schema.org","@graph":[{"@type":"WebPage","@id":"https:\/\/www.repair-cafe.ch\/fr\/repairevent\/repair-cafe-de-morges-3eme-samedi-du-mois-sauf-vacances-scolaires-4\/","url":"https:\/\/www.repair-cafe.ch\/fr\/repairevent\/repair-cafe-de-morges-3eme-samedi-du-mois-sauf-vacances-scolaires-4\/","name":"repair café de Morges, 3ème samedi du mois sauf vacances scolaires - Repair Café","isPartOf":{"@id":"https:\/\/www.repair-cafe.ch\/fr\/#website"},"primaryImageOfPage":{"@id":"https:\/\/www.repair-cafe.ch\/fr\/repairevent\/repair-cafe-de-morges-3eme-samedi-du-mois-sauf-vacances-scolaires-4\/#primaryimage"},"image":{"@id":"https:\/\/www.repair-cafe.ch\/fr\/repairevent\/repair-cafe-de-morges-3eme-samedi-du-mois-sauf-vacances-scolaires-4\/#primaryimage"},"thumbnailUrl":"https:\/\/repair-cafe.ch\/storage\/app\/media\/uploaded-files\/college%20jardins.jpg","datePublished":"2023-10-17T12:30:13+00:00","dateModified":"2023-10-18T06:37:06+00:00","breadcrumb":{"@id":"https:\/\/www.repair-cafe.ch\/fr\/repairevent\/repair-cafe-de-morges-3eme-samedi-du-mois-sauf-vacances-scolaires-4\/#breadcrumb"},"inLanguage":"fr-FR","potentialAction":[{"@type":"ReadAction","target":["https:\/\/www.repair-cafe.ch\/fr\/repairevent\/repair-cafe-de-morges-3eme-samedi-du-mois-sauf-vacances-scolaires-4\/"]}]},{"@type":"ImageObject","inLanguage":"fr-FR","@id":"https:\/\/www.repair-cafe.ch\/fr\/repairevent\/repair-cafe-de-morges-3eme-samedi-du-mois-sauf-vacances-scolaires-4\/#primaryimage","url":"https:\/\/repair-cafe.ch\/storage\/app\/media\/uploaded-files\/college%20jardins.jpg","contentUrl":"https:\/\/repair-cafe.ch\/storage\/app\/media\/uploaded-files\/college%20jardins.jpg"},{"@type":"BreadcrumbList","@id":"https:\/\/www.repair-cafe.ch\/fr\/repairevent\/repair-cafe-de-morges-3eme-samedi-du-mois-sauf-vacances-scolaires-4\/#breadcrumb","itemListElement":[{"@type":"ListItem","position":1,"name":"Startseite","item":"https:\/\/www.repair-cafe.ch\/fr\/"},{"@type":"ListItem","position":2,"name":"repair café de Morges, 3ème samedi du mois sauf vacances scolaires"}]},{"@type":"WebSite","@id":"https:\/\/www.repair-cafe.ch\/fr\/#website","url":"https:\/\/www.repair-cafe.ch\/fr\/","name":"Repair Café","description":"","potentialAction":[{"@type":"SearchAction","target":{"@type":"EntryPoint","urlTemplate":"https:\/\/www.repair-cafe.ch\/fr\/?s={search_term_string}"},"query-input":{"@type":"PropertyValueSpecification","valueRequired":true,"valueName":"search_term_string"}}],"inLanguage":"fr-FR"}]}</script>
<!-- / Yoast SEO plugin. -->

repair café de Morges, 3ème samedi du mois sauf vacances scolaires - Repair Café

Le repair café aura lieu au collège des jardins le samedi 15 juin 2024 de 14h à 17h (horaires susceptibles de changer, vérifiez sur notre site avant) https://goo.gl/maps/wc2p7yEAJCJyz8uV8&nbsp; à la maison des associations Rue des Fossés 16 1110 Morges En fonction des compétences des réparateurs/-trices présent(e)s: Petit électroménager: foehns, aspirateurs, mixeurs, brosses à dents, radios, ... repair café de Morges, 3ème samedi du mois sauf vacances scolaires

Repair Café
